- 5*w. What is the tens digit of q(p)?
7
What is the units digit of (364/(-104))/((-35)/48610)?
1
Let u(q) = 9*q - 37. Let c(s) = 3. Let d(o) = -6*c(o) - u(o). What is the units digit of d(-2)?
7
Let v = 66 - 62. Suppose v*p = -3*u - 15 - 7, 0 = 4*u - 3*p + 46. Let o(h) = -10*h - 53. What is the tens digit of o(u)?
4
Let d = 46 + -40. Suppose -2*l + 3*z = d*z - 167, -4*l = 2*z - 314. Suppose -4*y - 4*n + 252 = 0, 14 - l = -y - 2*n. What is the units digit of y?
4
Let r = -1365 + -113. Let m = 2452 + r. Suppose -m = -4*a - 54. What is the units digit of a?
0
Suppose -4*q = -q + 5*j + 9, 2*q + 6 = j. Let y = q - -6. Suppose 5*r = -y*p + 266, 0*r - 78 = -p + r. What is the tens digit of p?
8
Suppose 4*h = 4, 4*w - h - 21 = -6*h. Suppose -2*o + 512 = 2*q, q + 11 = w*o + 247. Suppose p - q = -4*d + 3*p, -5*p + 138 = 2*d. What is the units digit of d?
4
Suppose 0 = -5*t + 384 + 611. Suppose -2*c = 3*f - 192, 0 = 5*c + 3*f + t - 688. What is the units digit of c?
9
Let f(m) = -41*m - 43. Let z be f(6). Let d = 394 - z. What is the units digit of d?
3
Let q(b) = -b**2 - 33*b - 65. Let c(w) = 4*w + 32. Suppose -5*g - 45 = 2*z, 0 = 4*z - 2*g + 5 + 49. Let l be c(z). What is the units digit of q(l)?
5
Suppose 7 = -3*o + 16. Suppose 0 = o*k + 3*t - 2*t - 828, -3*k = 3*t - 834. Suppose 0 = 5*y - 105 - k. What is the units digit of y?
6
Suppose 3*n - 4*z = 7816, -2*z = 29 - 21. What is the tens digit of n?
0
Let i be 1/((-17)/4 + 4). Let o be 5/(-15) + i/(-12). Suppose -q + 165 = 2*t - o*q, -5*t - 5*q + 410 = 0. What is the tens digit of t?
8
Let g(v) = 149*v**2 + 395*v - 5789. What is the thousands digit of g(15)?
3
Let o be 1/((-4)/(-18)) - 24/(-48). Suppose 4*m = o*x + 18, -10 = 2*x - 0*m - 3*m. What is the units digit of 8/(-3*x/6)?
8
Suppose 43*h + 58075 = 44*h - 4*u, 7*u + 58087 = h. What is the thousands digit of h?
8
Suppose -24*v + 26 = m - 26*v, -2*m + v = -52. Suppose 0 = -8*u + m*u - 2556. What is the units digit of u?
2
Let j = -14861 - -21849. What is the units digit of j?
8
Let s(h) = h**3 + 11*h**2 - 10*h - 51. Let i be s(-10). Let y be 66/4*-1*2. Let p = y + i. What is the tens digit of p?
1
Let i(p) = 60*p + 44. Let c(k) = 59*k + 44. Let v(y) = 4*c(y) - 3*i(y). What is the tens digit of v(5)?
2
Let w = 13005 + 24739. What is the units digit of w?
4
Suppose 0*g = -3*g - 36. Let q be (-236)/(g/3) + 4. Let d = q - 59. What is the units digit of d?
4
Let o(m) = 250*m**2 + 243*m + 1759. What is the tens digit of o(-7)?
0
Let o(j) = 20*j**2 - 362*j + 6449. What is the thousands digit of o(18)?
6
Suppose 3*z - 5*l = -7, 7*l - 2*l - 43 = -3*z. Suppose 13*o = z*o + 56. Suppose o*x = 13*x - 550. What is the hundreds digit of x?
1
Let y(c) = -8336*c - 426. What is the units digit of y(-5)?
4
Suppose 19480 = 15*z + 4480. Suppose -k + z = -4*f - 903, -5*k - 5*f + 9565 = 0. What is the tens digit of k?
1
Let t(r) = -3*r**2 - 4*r - 18. Let d be t(-6). What is the tens digit of d*3*(-10)/12?
5
Let o = 985 - 1429. Let a = o - -950. What is the hundreds digit of a?
5
Suppose 1935*q + 52732 = 1939*q. What is the units digit of q?
3
Let g(m) = 3*m**2 + 10*m + 9. Let i be ((-2)/(-3))/((-7)/((-42)/(-4))). Let p be g(i). Suppose p*d + 114 = 510. What is the hundreds digit of d?
1
Let b(u) = u**2 + 6*u + 7. Let z be (-11)/(110/(-8))*(-2 + 12). What is the tens digit of b(z)?
1
Let u be (3 - 6) + -2*3/(-6). Let p(j) = -4*j**2 - 4*j + 7. Let q(m) = 8*m**2 + 9*m - 15. Let y(k) = -13*p(k) - 6*q(k). What is the tens digit of y(u)?
1
Let h(w) = 2*w**2 + 8*w + 7. Let t be h(-5). Suppose -4*j - 10 - 18 = 0. Let c = t + j. What is the tens digit of c?
1
Let x(c) = -c**3 - 6*c**2 - 5*c. Let y be x(-5). Let v(f) = 44 + f + 760*f**3 + 753*f**3 + 763*f**3 - 2277*f**3. What is the units digit of v(y)?
4
Let r be 33/(5 + (-3 - 1)). What is the tens digit of 19308/22 + 12/r?
7
Suppose 75414 = 27*s - 38931. Suppose a - 8*a = -s. What is the hundreds digit of a?
6
Suppose 0 = -z + 3*z - 4*p - 38756, 5*p - 35 = 0. What is the ten thousands digit of z?
1
Suppose 3*r - 6*r + 182 = 2*a, 5*r + 3*a - 305 = 0. Let v be (r - 7)/(1/(-6)). Let x = v - -572. What is the hundreds digit of x?
2
What is the units digit of (-10 + 4 + 10)*2053?
2
Let g = 21799 - 6261. Suppose -g = -53*k + 36*k. What is the hundreds digit of k?
9
Let f = -1519 + 8629. What is the thousands digit of f?
7
Let v = 77 - 194. Suppose 0 = 11*z + 1025 - 3148. Let y = z + v. What is the units digit of y?
6
Let d be (18 - -9)*((-51)/(-9) + 3). Suppose -9*w = -d - 432. What is the tens digit of w?
7
Let f be 139 + 2/3 + (-52)/(-12). Let a = f + -17. What is the units digit of a?
7
Let h = 24 - 43. Let o = 50 + h. What is the units digit of (2 - o*-2) + (-3)/(-1)?
7
Suppose u + 96410 = 2*d + 16321, 9*u - 160189 = -4*d. What is the ten thousands digit of d?
4
Let t(c) = 453*c**2 - 13*c - 12. Let r = -422 + 421. What is the units digit of t(r)?
4
Let s = -37 - 31. Let z = s + 272. What is the hundreds digit of z?
2
Suppose -a - 70 = -3*a. Let j = -597 + 573. Let u = j + a. What is the tens digit of u?
1
Let o = -2 - -9. Let f be (128/16 - (-6)/(-3)) + 494. Suppose 1746 = o*v + f. What is the hundreds digit of v?
1
Let o be 43/9 + 1 + 21/(-27). Suppose 3*r + o*z - 4*z - 98 = 0, 0 = -r + 4*z + 37. Suppose 3*j = 3*c + r, 6*c - 5*c - 29 = -4*j. What is the units digit of j?
8
Let d(b) = -4*b**3 - 9*b - 1. Let t(w) = -w**3 - w**2 - w. Let y(k) = -d(k) + 6*t(k). Let m be y(-3). Let h = m - -124. What is the tens digit of h?
1
Let l be 34/(-4) - (-2)/(-4). Let z be (-534)/8*24/l*2. Suppose d - z = -3*i - 0*d, 3*i + 5*d = 340. What is the tens digit of i?
2
Suppose 2*j - 2*y - 63576 = 0, 4*j = 5*y + 210694 - 83550. What is the thousands digit of j?
1
Let v = -51 + 53. Suppose 0 + v = 2*f. What is the tens digit of f - 1 - (-17 + -2)?
1
Suppose -3718*o = -3737*o + 145825. What is the hundreds digit of o?
6
Suppose 0 = -u + 2*k + 8, -5*k + 6 = -8*k. Suppose 15*p - 12*p = -u*s + 4153, s - 1047 = p. What is the units digit of s?
2
Suppose 3*b + 0*b + 1166 = -2*m, m = -3*b - 1165. Let k = b + 1067. What is the units digit of k?
9
Let b(j) = -2*j - 43. Let q be b(-23). What is the thousands digit of q/(-6 + 7622/1270)?
1
Let y = -296 + 447. Suppose 149*p = y*p - 1942. What is the tens digit of p?
7
Suppose -151 = r - 1326. Suppose 0 = -3*i - 0*t - 4*t + 708, -r = -5*i - 5*t. What is the hundreds digit of i?
2
Let o be (-19)/76 - (-109)/4. Suppose -22*k + 75 = -o*k. What is the units digit of 5*41 + (-19 - k)?
1
Suppose 10*l = 7*l + 11*l - 22200. What is the units digit of l?
5
Let c be (-51)/3*1*3/3. Let q = c - -2. Let v(h) = h**3 + 14*h**2 - 21*h - 10. What is the tens digit of v(q)?
8
Let w be (-5)/4*(-10 + 2). Let k(q) = -q**2 + 10*q + 7. Let z be k(w). Suppose 2*p + z = 267. What is the units digit of p?
0
Let p(o) = -19*o**3 - 4*o**2 + 5*o - 36. Let v(t) = 20*t**3 + 4*t**2 - 6*t + 34. Let w(c) = 4*p(c) + 5*v(c). What is the hundreds digit of w(3)?
6
Suppose -f - 52 = -57. Suppose u = f*u - 24. Suppose 0 = -2*j + 4*o + u + 284, 8 = 4*o. What is the hundreds digit of j?
1
Let r = 15181 - 5604. What is the units digit of r?
7
Suppose -2*q = -7*q - 3*x - 37, -2*q + 2*x = 18. What is the units digit of (-2)/(q/1391) - 5/(-20)?
8
Suppose -7*w + 4 = -3. Suppose 13 + w = 2*h + 4*u, 10 = 4*h - u. Suppose 190 = h*g + 2*g. What is the tens digit of g?
3
Suppose g = -3*g. Suppose -4*w + 6*w = -2*d + 276, g = 4*d + 2*w - 544. Suppose -3*p - d = -3*t + 154, 0 = t - 3*p - 106. What is the tens digit of t?
9
Suppose -5766 + 41862 = 47*y. Let i = y - 669. What is the units digit of i?
9
Let j = 64 + -53. Let b(w) = 2 + 4 - 17 + 4*w - 9. What is the tens digit of b(j)?
2
Let y(u) = -41*u**3 + u**2 - 14*u - 4. What is the units digit of y(-3)?
4
Suppose 4*y - 4*o - 7 = -19, 0 = 4*o - 12. Suppose -m = -2*a - y*a, 5*a - 2*m = 0. Suppose b - 95 = t, -4*b + 374 = -a*b + 2*t. What is the units digit of b?
4
Let x(v) be the second derivative of -v**4/12 + v**3 + 11*v**2 - 12*v. Let y be x(7). Let k = 35 - y. What is the units digit of k?
0
Let c(d) = -d**3 - 2*d**2 + 2*d + 856. Let t be c(0). What is the units digit of 24/((-12)/(-3)) + t?
2
Suppose y + 5*r = -y + 4591, 2*r = -5*y + 11425. What is the hundreds digit of (-26)/(-91) + -1*y/(-21)?
1
Let k =